--------- beginning of /dev/log/system
W/InputMethodManagerService( 1892): Window already focused, ignoring focus gain of: com.android.internal.view.IInputMethodClient$Stub$Proxy@41c14588 attribute=android.view.inputmethod.EditorInfo@41de3018, token = android.os.BinderProxy@41d0b7e8
I/ActivityManager( 1892): START u0 {act=android.intent.action.MAIN cat=[android.intent.category.HOME] flg=0x10200000 cmp=com.cyanogenmod.trebuchet/org.cyanogenmod.trebuchet.TrebuchetLauncher} from pid 1892 --------- beginning of /dev/log/main
I/Timeline( 4875): Timeline: Activity_idle id: android.os.BinderProxy@41982bf0 time:1638753
W/InputMethodManagerService( 1892): Starting input on non-focused client com.android.internal.view.IInputMethodClient$Stub$Proxy@41dc3ca0 (uid=10059 pid=5744)
I/Timeline( 1892): Timeline: Activity_windows_visible id: ActivityRecord{41cb2448 u0 com.cyanogenmod.trebuchet/org.cyanogenmod.trebuchet.TrebuchetLauncher t2} time:1639069
I/Timeline( 4875): Timeline: Activity_launch_request id:com.moblynx.camerakk time:1641323
I/ActivityManager( 1892): START u0 {act=android.intent.action.MAIN cat=[android.intent.category.LAUNCHER] flg=0x10200000 cmp=com.moblynx.camerakk/com.android.camera.CameraLauncher} from pid 4875
V/Zygote ( 5772): Switching descriptor 31 to /dev/null
V/Zygote ( 5772): Switching descriptor 9 to /dev/null
I/ActivityManager( 1892): Start proc com.moblynx.camerakk for activity com.moblynx.camerakk/com.android.camera.CameraLauncher: pid=5772 uid=10061 gids={50061, 1006, 3003, 1028, 1015}
D/ActivityThread( 5772): handleBindApplication:com.moblynx.camerakk
D/ActivityThread( 5772): setTargetHeapUtilization:0.75
D/ActivityThread( 5772): setTargetHeapMinFree:524288
V/ActivityThread( 5772): com.moblynx.camerakk white listed for hwui
I/WebViewFactory( 5772): Provider overridden by property: persist.webview.provider=classic
D/BcmCamera( 5729): HAL_get_camera_info: loading libcamera at 0x40761ed8
V/NFC ( 5772): this device does not have NFC support
D/CAM_Activity( 5772): Creating IAB helper.
D/CAM_Activity( 5772): Starting setup.
D/SensorHAL( 1892): +__poll_activate: handle=0 enabled=1
D/SensorHAL( 1892): __poll_activate - mask:1 sensors:1 , active:0 , new_sensors:1 , changed:1
D/SensorHAL( 1892): poll_close_ecs
D/SensorHAL( 1892): __poll_activate:: + ID_A enabled=1
V/CAM_PhotoModule( 5772): On resume.
V/CAM_PhotoModule( 5772): Executing onResumeTasks.
V/CAM_PhotoModule( 5772): Open camera device.
V/CameraHolder( 5772): open camera 0
D/BcmCamera( 5729): HAL_get_camera_info: loading libcamera at 0x40761ed8
D/BcmCamera( 5729): HAL_get_camera_info: loading libcamera at 0x40761ed8
I/AwesomePlayer( 5729): setDataSource_l(URL suppressed)
E/cutils-trace( 5729): Error opening trace file: No such file or directory (2)
I/OMXCodec( 5729): Codec outputs at different sampling rate than what the input stream contains (contains data at 48000 Hz, codec outputs 44100 Hz)
I/AwesomePlayer( 5729): Could not offload audio decode, try pcm offload
I/OMXCodec( 5729): [OMX.google.vorbis.decoder] allocating 4 buffers of size 8192 on input port
I/OMXCodec( 5729): [OMX.google.vorbis.decoder] allocated buffer 0x1d838 on input port
I/OMXCodec( 5729): [OMX.google.vorbis.decoder] allocated buffer 0x25518 on input port
I/OMXCodec( 5729): [OMX.google.vorbis.decoder] allocated buffer 0x255e8 on input port
I/OMXCodec( 5729): [OMX.google.vorbis.decoder] allocated buffer 0x256a0 on input port
I/OMXCodec( 5729): [OMX.google.vorbis.decoder] allocating 4 buffers of size 32768 on output port
I/OMXCodec( 5729): [OMX.google.vorbis.decoder] allocated buffer 0x262b0 on output port
I/OMXCodec( 5729): [OMX.google.vorbis.decoder] allocated buffer 0x264d0 on output port
I/OMXCodec( 5729): [OMX.google.vorbis.decoder] allocated buffer 0x26610 on output port
I/OMXCodec( 5729): [OMX.google.vorbis.decoder] allocated buffer 0x26738 on output port
I/AwesomePlayer( 5729): setDataSource_l(URL suppressed)
I/OMXCodec( 5729): Codec outputs at different sampling rate than what the input stream contains (contains data at 48000 Hz, codec outputs 44100 Hz)
I/AwesomePlayer( 5729): Could not offload audio decode, try pcm offload
I/OMXCodec( 5729): [OMX.google.vorbis.decoder] allocating 4 buffers of size 8192 on input port
I/OMXCodec( 5729): [OMX.google.vorbis.decoder] allocated buffer 0x27888 on input port
I/OMXCodec( 5729): [OMX.google.vorbis.decoder] allocated buffer 0x27cb8 on input port
I/OMXCodec( 5729): [OMX.google.vorbis.decoder] allocated buffer 0x27d88 on input port
I/OMXCodec( 5729): [OMX.google.vorbis.decoder] allocated buffer 0x2ee00 on input port
I/OMXCodec( 5729): [OMX.google.vorbis.decoder] allocating 4 buffers of size 32768 on output port
I/OMXCodec( 5729): [OMX.google.vorbis.decoder] allocated buffer 0x2ef70 on output port
I/OMXCodec( 5729): [OMX.google.vorbis.decoder] allocated buffer 0x2f190 on output port
I/OMXCodec( 5729): [OMX.google.vorbis.decoder] allocated buffer 0x2f2d0 on output port
I/OMXCodec( 5729): [OMX.google.vorbis.decoder] allocated buffer 0x2f3f8 on output port
I/CameraClient( 5729): Opening camera 0
D/BcmCamera( 5729): camera_device_open:++
E/BrcmCameraHwInterface( 5729): createInstance:: cameraId = 0!!!
E/BrcmCameraHwInterface( 5729): BroadcomCameraHardware:: fd_camera = 22!!!, Fail_Count = 3!!!
E/DwlIrq ( 5729): PP id is 27
E/BrcmCamera( 5729): BroadcomCamera :Sensor supported:stillMode_noOf_res = 0, following !!
E/BrcmCamera( 5729): BroadcomCamera :Sensor supported:stillMode_noOf_formats = 0, following !!
E/BrcmCamera( 5729): BroadcomCamera :Sensor supported:stillMode_thumb_noOf_res = 0, following !!
E/BrcmCamera( 5729): BroadcomCamera :Sensor supported:stillMode_thumb_noOf_formats = 0, following !!
E/BrcmCamera( 5729): BroadcomCamera :Sensor supported:previewMode_noOf_res = 0, following !!
E/BrcmCamera( 5729): BroadcomCamera :Sensor supported:previewMode_noOf_formats = 0, following !!
E/BrcmCamera( 5729): BroadcomCamera :Sensor supported: nuber of zoom steps = 0, following !!
E/BrcmCamera( 5729): phone make , phone model =
E/BrcmCamera( 5729): BroadcomCamera : Sensor DOES NOT Support AUTO FOCUS
E/BrcmCamera( 5729): [mAlwaysSlicing = false] make , phone model =
E/BrcmCamera( 5729): IsCamSupportedStillModeResolution, return false
E/BrcmCamera( 5729): IsCamSupportedStillModeResolution, return false
E/BrcmCamera( 5729): IsCamSupportedStillModeResolution, return false
V/BrcmCameraHwInterface( 5729): BroadcomCameraHardware::setParameters E
D/BrcmCameraHwInterface( 5729): BroadcomCameraHardware::setGPSinfo
E/BrcmCameraHwInterface( 5729): KEY_GPS_LATITUDE is NULL
E/BrcmCamera( 5729): hunny : convert_zoom by B/B
E/BrcmCamera( 5729): IsCamSupportedZoomLevel, zoom 256 is not supported by sensor, So, It is done by PP
V/BrcmCamera( 5729): JPEG quality requested is 100
V/BrcmCameraHwInterface( 5729): BroadcomCameraHardware::setParameters X
I/ActivityManager( 1892): Process com.cyanogenmod.trebuchet (pid 4875) has died.
I/WindowState( 1892): WIN DEATH: Window{41db51d8 u0 com.cyanogenmod.trebuchet/org.cyanogenmod.trebuchet.TrebuchetLauncher}
E/MemoryHeapBase( 5729): mmap(fd=28, size=12582912) failed (Try again)
F/libc ( 5729): Fatal signal 7 (SIGBUS) at 0x00000000 (code=128), thread 5729 (mediaserver)
W/MPEG4Extractor( 5729): ignoring edit list with 2 entries
W/MPEG4Extractor( 5729): ignoring edit list with 2 entries
I/DEBUG ( 1393): *** *** *** *** *** *** *** *** *** *** *** *** *** *** *** ***
I/DEBUG ( 1393): Build fingerprint: 'Samsung/cm_tassve/tassve:4.4.4/KTU84P/20140709:userdebug/release-keys'
I/DEBUG ( 1393): Revision: '0'
I/DEBUG ( 1393): pid: 5729, tid: 5729, name: mediaserver >>> /system/bin/mediaserver <<<
I/DEBUG ( 1393): signal 7 (SIGBUS), code 128 (SI_KERNEL), fault addr 00000000
W/NativeCrashListener( 1892): Couldn't find ProcessRecord for pid 5729
I/DEBUG ( 1393): r0 00000001 r1 00000097 r2 ddfdd2df r3 40133590
I/DEBUG ( 1393): AM write failure (32 / Broken pipe)
I/DEBUG ( 1393): r4 00000097 r5 00000001 r6 00000000 r7 00030f90
I/DEBUG ( 1393): r8 00000000 r9 00000000 sl 00000000 fp bedc2b3c
I/DEBUG ( 1393): ip 4014cf2c sp bedc2630 lr 40060630 pc 40060630 cpsr 00000010
I/DEBUG ( 1393): d0 3ff0000000000000 d1 4000000000000000
I/DEBUG ( 1393): d2 3ffda3a6245542b4 d3 3f88b0d283c30939
I/DEBUG ( 1393): d4 bfc4eaefa4251850 d5 bf88b0d28a518506
I/DEBUG ( 1393): d6 3f9775f8844e8454 d7 3fe29d5df484a30a
I/DEBUG ( 1393): d8 0000000000000000 d9 0000000000000000
I/DEBUG ( 1393): d10 0000000000000000 d11 0000000000000000
I/DEBUG ( 1393): d12 0000000000000000 d13 0000000000000000
I/DEBUG ( 1393): d14 0000000000000000 d15 0000000000000000
I/DEBUG ( 1393): scr 00000010
I/DEBUG ( 1393):
I/DEBUG ( 1393): backtrace:
I/DEBUG ( 1393): #00 pc 00003630 /system/lib/libcutils.so (android_atomic_add+16)
I/DEBUG ( 1393): #01 pc 0000e03d /system/lib/libutils.so (android::RefBase::weakref_type::incWeak(void const*)+4)
I/DEBUG ( 1393): #02 pc 0000e079 /system/lib/libutils.so (android::RefBase::incStrong(void const*) const+6)
I/DEBUG ( 1393): #03 pc 00011101 /system/lib/libcamera.so (android::sp::sp(android::MemoryHeapBase*)+20)
I/DEBUG ( 1393): #04 pc 0001489b /system/lib/libcamera.so (android::BroadcomCameraHardware::initDefaultParameters()+1814)
I/DEBUG ( 1393): #05 pc 00014b07 /system/lib/libcamera.so (android::BroadcomCameraHardware::BroadcomCameraHardware()+242)
I/DEBUG ( 1393): #06 pc 00014dc5 /system/lib/libcamera.so (android::BroadcomCameraHardware::createInstance(int)+236)
I/DEBUG ( 1393): #07 pc 00014e69 /system/lib/libcamera.so (HAL_openCameraHardware+4)
I/DEBUG ( 1393): #08 pc 00002e19 /system/lib/hw/camera.bcm21553.so (camera_device_open+76)
I/DEBUG ( 1393): #09 pc 00046a85 /system/lib/libcameraservice.so (android::CameraClient::initialize(camera_module*)+168)
I/DEBUG ( 1393): #10 pc 0003fd03 /system/lib/libcameraservice.so (android::CameraService::connectFinishUnsafe(android::sp const&, android::sp const&)+14)
I/DEBUG ( 1393): #11 pc 00041ca1 /system/lib/libcameraservice.so (android::CameraService::connect(android::sp const&, int, android::String16 const&, int, android::sp&)+544)
I/DEBUG ( 1393): #12 pc 00024e55 /system/lib/libcamera_client.so (android::BnCameraService::onTransact(unsigned int, android::Parcel const&, android::Parcel*, unsigned int)+310)
I/DEBUG ( 1393): #13 pc 0003f759 /system/lib/libcameraservice.so (android::CameraService::onTransact(unsigned int, android::Parcel const&, android::Parcel*, unsigned int)+100)
I/DEBUG ( 1393): #14 pc 0001ccdd /system/lib/libbinder.so (android::BBinder::transact(unsigned int, android::Parcel const&, android::Parcel*, unsigned int)+60)
I/DEBUG ( 1393): #15 pc 00021763 /system/lib/libbinder.so (android::IPCThreadState::executeCommand(int)+498)
I/DEBUG ( 1393): #16 pc 00021b13 /system/lib/libbinder.so (android::IPCThreadState::getAndExecuteCommand()+38)
I/DEBUG ( 1393): #17 pc 00021b81 /system/lib/libbinder.so (android::IPCThreadState::joinThreadPool(bool)+40)
I/DEBUG ( 1393): #18 pc 00001e0d /system/bin/mediaserver
I/DEBUG ( 1393): #19 pc 0000e655 /system/lib/libc.so (__libc_init+52)
I/DEBUG ( 1393): #20 pc 00001850 /system/bin/mediaserver
I/DEBUG ( 1393):
I/DEBUG ( 1393): stack:
I/DEBUG ( 1393): bedc25f0 00030f90 [heap]
I/DEBUG ( 1393): bedc25f4 00000038
I/DEBUG ( 1393): bedc25f8 000001bc
I/DEBUG ( 1393): bedc25fc 00030fc0 [heap]
I/DEBUG ( 1393): bedc2600 ffffff84
I/DEBUG ( 1393): bedc2604 00030fb0 [heap]
I/DEBUG ( 1393): bedc2608 4013355c /system/lib/libbinder.so
I/DEBUG ( 1393): bedc260c 40121c67 /system/lib/libbinder.so
I/DEBUG ( 1393): bedc2610 ffffff84
I/DEBUG ( 1393): bedc2614 00030fb0 [heap]
I/DEBUG ( 1393): bedc2618 40133558 /system/lib/libbinder.so
I/DEBUG ( 1393): bedc261c 00030f90 [heap]
I/DEBUG ( 1393): bedc2620 400bb040 /system/lib/libc.so
I/DEBUG ( 1393): bedc2624 a7935f1e /system/lib/libcamera.so
I/DEBUG ( 1393): bedc2628 fffff000
I/DEBUG ( 1393): bedc262c 40125a2f /system/lib/libbinder.so (android::MemoryHeapBase::MemoryHeapBase(char const*, unsigned int, unsigned int)+162)
I/DEBUG ( 1393): #00 bedc2630 40133590 /system/lib/libbinder.so
I/DEBUG ( 1393): bedc2634 00000093
I/DEBUG ( 1393): bedc2638 a7939018 /system/lib/libcamera.so
I/DEBUG ( 1393): bedc263c 40144041 /system/lib/libutils.so (android::RefBase::weakref_type::incWeak(void const*)+8)
I/DEBUG ( 1393): #01 bedc2640 40133590 /system/lib/libbinder.so
I/DEBUG ( 1393): bedc2644 4014407d /system/lib/libutils.so (android::RefBase::incStrong(void const*) const+10)
I/DEBUG ( 1393): #02 bedc2648 bedc2670 [stack]
I/DEBUG ( 1393): bedc264c a7911105 /system/lib/libcamera.so (android::sp::sp(android::MemoryHeapBase*)+24)
I/DEBUG ( 1393):
I/DEBUG ( 1393): memory near r3:
I/DEBUG ( 1393): 40133570 401336dc 4013341c 40133478 4013373c
I/DEBUG ( 1393): 40133580 40133530 401334d0 4013338c 4013332c
I/DEBUG ( 1393): 40133590 00000030 00000020 00000000 00000000
I/DEBUG ( 1393): 401335a0 40125cbd 40125d11 40125731 40124d99
I/DEBUG ( 1393): 401335b0 40120651 40125735 40125739 00000000
I/DEBUG ( 1393): 401335c0 00000004 00000004 00000004 00000004
I/DEBUG ( 1393): 401335d0 00000004 00000004 00000004 00000004
I/DEBUG ( 1393): 401335e0 00000004 00000004 00000004 00000004
I/DEBUG ( 1393): 401335f0 00000000 ffffffe0 ffffffe0 ffffffe0
I/DEBUG ( 1393): 40133600 ffffffe0 ffffffe0 00000000 00000000
I/DEBUG ( 1393): 40133610 ffffffe0 00000010 ffffffe0 00000000
I/DEBUG ( 1393): 40133620 40125dab 40125d79 40120655 40121769
I/DEBUG ( 1393): 40133630 40125dfb 40125deb 40125ddb 40125dcb
I/DEBUG ( 1393): 40133640 40125dbb 40121a35 401218db 0000000c
I/DEBUG ( 1393): 40133650 ffffffdc 00000000 40121a74 40121770
I/DEBUG ( 1393): 40133660 4011eb05 4011eb01 4011eb01 4011eca1
I/DEBUG ( 1393):
I/DEBUG ( 1393): memory near r7:
I/DEBUG ( 1393): 00030f70 00363731 0000001b 00000001 00000002
I/DEBUG ( 1393): 00030f80 00000000 00000000 69660030 0000003b
I/DEBUG ( 1393): 00030f90 401335a0 ffffffff 00000000 ffffffff
I/DEBUG ( 1393): 00030fa0 00000000 00000000 00000000 00000000
I/DEBUG ( 1393): 00030fb0 40133620 40133658 00000000 00000000
I/DEBUG ( 1393): 00030fc0 401336b8 0000002b 00000001 00000010
I/DEBUG ( 1393): 00030fd0 00000000 00000000 0002f4f0 00000000
I/DEBUG ( 1393): 00030fe0 7374636f 0000000a 00000497 0000003b
I/DEBUG ( 1393): 00030ff0 40741820 00031028 0001aec8 00031040
I/DEBUG ( 1393): 00031000 00000000 00000000 40741768 00000000
I/DEBUG ( 1393): 00031010 00000000 00000000 00000008 00000000
I/DEBUG ( 1393): 00031020 00000000 0000001b 00000001 00000001
I/DEBUG ( 1393): 00031030 00030ff0 00000000 ffffffff 00000053
I/DEBUG ( 1393): 00031040 4073ff58 00031090 00000019 000310b8
I/DEBUG ( 1393): 00031050 00000000 00000000 001a6554 00000000
I/DEBUG ( 1393): 00031060 00000000 00000000 00000000 00000889
I/DEBUG ( 1393):
I/DEBUG ( 1393): memory near fp:
I/DEBUG ( 1393): bedc2b1c 00000000 00000000 00009854 0000bd10
I/DEBUG ( 1393): bedc2b2c 0000bd18 0000bd24 bedc2b40 00000000
I/DEBUG ( 1393): bedc2b3c 4000186f 00000001 bedc2c3f 00000000
I/DEBUG ( 1393): bedc2b4c bedc2c57 bedc2c94 bedc2cbc bedc2ccf
I/DEBUG ( 1393): bedc2b5c bedc2ce4 bedc2cff bedc2d12 bedc2d2b
I/DEBUG ( 1393): bedc2b6c bedc2d45 bedc2d5e bedc2f57 bedc2f79
I/DEBUG ( 1393): bedc2b7c bedc2f92 bedc2fa7 bedc2fc5 00000000
I/DEBUG ( 1393): bedc2b8c 00000010 000001d7 00000006 00001000
I/DEBUG ( 1393): bedc2b9c 00000011 00000064 00000003 00008034
I/DEBUG ( 1393): bedc2bac 00000004 00000020 00000005 00000008
I/DEBUG ( 1393): bedc2bbc 00000007 40000000 00000008 00000000
I/DEBUG ( 1393): bedc2bcc 00000009 000097f0 0000000b 000003f5
I/DEBUG ( 1393): bedc2bdc 0000000c 000003f5 0000000d 000003ed
I/DEBUG ( 1393): bedc2bec 0000000e 000003ed 00000017 00000000
I/DEBUG ( 1393): bedc2bfc 00000019 bedc2c2b 0000001f bedc2fe4
I/DEBUG ( 1393): bedc2c0c 0000000f bedc2c3b 00000000 00000000
I/DEBUG ( 1393):
I/DEBUG ( 1393): memory near ip:
I/DEBUG ( 1393): 4014cf0c 40081425 4008147f 40094a55 4009291c
I/DEBUG ( 1393): 4014cf1c 40091320 40097fd9 400a9cf8 40099981
I/DEBUG ( 1393): 4014cf2c 40060648 40060620 40060654 400605f8
I/DEBUG ( 1393): 4014cf3c 40060688 4007cf29 400a8f41 40091660
I/DEBUG ( 1393): 4014cf4c 40096ed1 40099ee1 400a8d17 400918eb
I/DEBUG ( 1393): 4014cf5c 4009c2dd 4008f2f8 4009b7bd 4008202f
I/DEBUG ( 1393): 4014cf6c 40082057 400820a5 4007c268 40082049
I/DEBUG ( 1393): 4014cf7c 4007dbac 4007dacc 4008f17c 4008f05c
I/DEBUG ( 1393): 4014cf8c 40061be1 400823ad 4008ee94 4009b647
I/DEBUG ( 1393): 4014cf9c 4007d8cc 4007df74 4007e1c4 4007e2b8
I/DEBUG ( 1393): 4014cfac 4007dfb4 4007def0 4007dfd0 4008fe00
I/DEBUG ( 1393): 4014cfbc 4008fd80 400a91c0 400a929c 400cc911
I/DEBUG ( 1393): 4014cfcc 4008fa24 400cc901 4008f224 4007c6fc
I/DEBUG ( 1393): 4014cfdc 4007e224 4007c948 4007c978 4008f244
I/DEBUG ( 1393): 4014cfec 40090678 40090698 4008f5c8 4009a841
I/DEBUG ( 1393): 4014cffc 40090658 4014d000 ffffffff 00000001
I/DEBUG ( 1393):
I/DEBUG ( 1393): memory near sp:
I/DEBUG ( 1393): bedc2610 ffffff84 00030fb0 40133558 00030f90
I/DEBUG ( 1393): bedc2620 400bb040 a7935f1e fffff000 40125a2f
I/DEBUG ( 1393): bedc2630 40133590 00000093 a7939018 40144041
I/DEBUG ( 1393): bedc2640 40133590 4014407d bedc2670 a7911105
I/DEBUG ( 1393): bedc2650 bedc2670 a791489f 00000010 0002eb68
I/DEBUG ( 1393): bedc2660 0002ec00 fffffe6c ffffff28 fffffe2c
I/DEBUG ( 1393): bedc2670 00030f90 00030588 0002eb84 0002eb68
I/DEBUG ( 1393): bedc2680 00000000 0000009c a793638f a7914b0b
I/DEBUG ( 1393): bedc2690 0002eb68 bedc26ec 00000003 a7914dc9
I/DEBUG ( 1393): bedc26a0 00000003 0002ea08 400b4a8c 00000003
I/DEBUG ( 1393): bedc26b0 00000000 fffffe84 00000000 00000000
I/DEBUG ( 1393): bedc26c0 40000a61 bedc26ec 0002ea08 0002e984
I/DEBUG ( 1393): bedc26d0 00000000 a7914e6d 40b8df24 40b8be1d
I/DEBUG ( 1393): bedc26e0 00000080 40b8b461 0002e980 ddfdd2df
I/DEBUG ( 1393): bedc26f0 0002e980 0002e980 0001afc0 4057ec89
I/DEBUG ( 1393): bedc2700 40593a48 40558a87 00000000 0000168c
I/DEBUG ( 1393):
I/DEBUG ( 1393): code around pc:
I/DEBUG ( 1393): 40060610 e1a01005 e1a02004 e8bd4070 eaffffe6
I/DEBUG ( 1393): 40060620 e92d4038 e1a05000 e1a04001 ebffffcf
I/DEBUG ( 1393): 40060630 e1940f9f e0802005 e1843f92 e3530000
I/DEBUG ( 1393): 40060640 1afffffa e8bd8038 e1a01000 e3a00001
I/DEBUG ( 1393): 40060650 eafffff2 e1a01000 e3e00000 eaffffef
I/DEBUG ( 1393): 40060660 e92d4038 e1a05000 e1a04001 ebffffbf
I/DEBUG ( 1393): 40060670 e1940f9f e0002005 e1843f92 e3530000
I/DEBUG ( 1393): 40060680 1afffffa e8bd8038 e92d4038 e1a05000
I/DEBUG ( 1393): 40060690 e1a04001 ebffffb5 e1940f9f e1802005
I/DEBUG ( 1393): 400606a0 e1843f92 e3530000 1afffffa e8bd8038
I/DEBUG ( 1393): 400606b0 6883b508 47981c08 43ca0241 0b831880
I/DEBUG ( 1393): 400606c0 01014058 0a821840 bd084050 1c04b5f8
I/DEBUG ( 1393): 400606d0 69626843 18e8005d 428a0881 1c28d920
I/DEBUG ( 1393): 400606e0 f0042104 1e06fa63 2200d01a e00f1e6f
I/DEBUG ( 1393): 400606f0 58430091 6859e009 403968d8 00884684
I/DEBUG ( 1393): 40060700 68081831 600b60d8 2b004663 3201d1f3
I/BootReceiver( 1892): Copying /data/tombstones/tombstone_08 to DropBox (SYSTEM_TOMBSTONE)
I/ServiceManager( 1389): service 'media.audio_policy' died
I/ServiceManager( 1389): service 'media.audio_flinger' died
I/ServiceManager( 1389): service 'media.player' died
I/ServiceManager( 1389): service 'media.camera' died
W/CameraBase( 5772): An error occurred while connecting to camera: 0
W/AudioSystem( 1892): AudioPolicyService server died!
W/MediaMetadataRetriever( 5772): MediaMetadataRetriever server died!
W/CameraBase( 5772): Camera service died!
E/CameraHolder( 5772): fail to connect Camera:-1, aborting.
E/CAM_PhotoModule( 5772): Failed to open camera:0
I/ServiceManager( 5772): Waiting for service media.player...
W/AudioSystem( 1892): AudioFlinger server died!
E/AudioService( 1892): Media server died.
D/Finsky ( 5037): [277] InAppBillingUtils.pickAccount: com.moblynx.camerakk: Account determined from library ownership - [Sby9m5J75AIGmlnuUS5eDSM5zJE]
D/Finsky ( 5037): [299] InAppBillingUtils.pickAccount: com.moblynx.camerakk: Account determined from library ownership - [Sby9m5J75AIGmlnuUS5eDSM5zJE]
D/CAM_Activity( 5772): Setup finished.
D/CAM_Activity( 5772): Setup successful. Querying inventory.
D/Finsky ( 5037): [278] InAppBillingUtils.pickAccount: com.moblynx.camerakk: Account determined from library ownership - [Sby9m5J75AIGmlnuUS5eDSM5zJE]
D/Finsky ( 5037): [278] InAppBillingUtils.pickAccount: com.moblynx.camerakk: Account determined from library ownership - [Sby9m5J75AIGmlnuUS5eDSM5zJE]
D/Finsky ( 5037): [299] InAppBillingUtils.pickAccount: com.moblynx.camerakk: Account determined from library ownership - [Sby9m5J75AIGmlnuUS5eDSM5zJE]
D/Finsky ( 5037): [299] InAppBillingUtils.pickAccount: com.moblynx.camerakk: Account determined from library ownership - [Sby9m5J75AIGmlnuUS5eDSM5zJE]
E/AudioService( 1892): Media server died.
E/libhgl ( 5772): Creating OpenGL 2.0 Session
D/OpenGLRenderer( 5772): Enabling debug mode 0
I/ServiceManager( 5772): Waiting for service media.player...
D/CAM_Activity( 5772): Query inventory finished.
D/CAM_Activity( 5772): Query inventory was successful.
D/CAM_Activity( 5772): User is NOT PREMIUM
D/webviewglue( 5772): nativeDestroy view: 0x24dba8
E/AudioService( 1892): Media server died.
V/CAM_UI ( 5772): SurfaceTexture ready.
I/mediaserver( 5809): ServiceManager: 0x13460
I/AudioFlinger( 5809): Using default 3000 mSec as standby time.
E/MediaPlayerFactory( 5809): calling dlopen on FACTORY_LIB
E/MediaPlayerFactory( 5809): Failed to open FACTORY_LIB Error : dlopen failed: library "libdashplayer.so" not found
I/CameraService( 5809): CameraService started (pid=5809)
I/CameraService( 5809): Loaded "Jellybean Camera Hal" camera module
D/BcmCamera( 5809): HAL_get_number_of_cameras: loading libcamera at 0x40761ed8
D/BcmCamera( 5809): HAL_get_number_of_cameras: numCameras:1
I/AudioPolicyManagerBase( 5809): loadAudioPolicyConfig() loaded /system/etc/audio_policy.conf
I/AudioFlinger( 5809): loadHwModule() Loaded primary audio interface from BCM21553 audio HW HAL (audio) handle 1
I/AudioFlinger( 5809): HAL output buffer size 1024 frames, normal mix buffer size 1024 frames
I/AudioMixer( 5809): found effect "Multichannel Downmix To Stereo" from The Android Open Source Project
I/AudioFlinger( 5809): Using module 1 has the primary audio interface
D/AudioPolicyManagerBase( 5809): setOutputDevice() changing device from (2) to (2) force (1) delayMs (0) on Output (2)
I/AudioFlinger( 5809): AudioFlinger's thread 0x40f08008 ready to run
D/audio_hw_primary( 5809): call=n, earpiece=n hp=n speaker=y dock=n
I/audio_a2dp_hw( 5809): adev_open: adev_open in A2dp_hw module
I/AudioFlinger( 5809): loadHwModule() Loaded a2dp audio interface from A2DP Audio HW HAL (audio) handle 3
I/AudioFlinger( 5809): loadHwModule() Loaded usb audio interface from USB audio HW HAL (audio) handle 4
I/r_submix( 5809): adev_open(name=audio_hw_if)
I/r_submix( 5809): adev_init_check()
I/AudioFlinger( 5809): loadHwModule() Loaded r_submix audio interface from Wifi Display audio HAL (audio) handle 5
I/AudioPolicyService( 5809): Loaded audio policy from LEGACY Audio Policy HAL (audio_policy)
E/AudioService( 1892): Media server started.
W/AudioPolicyManagerBase( 5809): setPhoneState() setting same state 0
I/Choreographer( 5772): Skipped 45 frames! The application may be doing too much work on its main thread.
I/ActivityManager( 1892): Displayed com.moblynx.camerakk/com.android.camera.CameraLauncher: +4s956ms
I/Timeline( 1892): Timeline: Activity_windows_visible id: ActivityRecord{41ef11d0 u0 com.moblynx.camerakk/com.android.camera.CameraLauncher t19} time:1646607
I/Timeline( 5772): Timeline: Activity_idle id: android.os.BinderProxy@41927a88 time:1646738
E/WVMExtractor( 5809): Failed to open libwvm.so
W/MPEG4Extractor( 5809): ignoring edit list with 2 entries
W/MPEG4Extractor( 5809): ignoring edit list with 2 entries
W/MPEG4Extractor( 5809): ignoring edit list with 2 entries
W/MPEG4Extractor( 5809): ignoring edit list with 2 entries
W/MPEG4Extractor( 5809): ignoring edit list with 2 entries
W/MPEG4Extractor( 5809): ignoring edit list with 2 entries
W/MPEG4Extractor( 5809): ignoring edit list with 2 entries
W/MPEG4Extractor( 5809): ignoring edit list with 2 entries
W/MPEG4Extractor( 5809): ignoring edit list with 2 entries
W/MPEG4Extractor( 5809): ignoring edit list with 2 entries
W/MPEG4Extractor( 5809): ignoring edit list with 2 entries
D/SensorHAL( 1892): +__poll_activate: handle=0 enabled=0
D/SensorHAL( 1892): __poll_activate - mask:1 sensors:0 , active:1 , new_sensors:0 , changed:1
D/SensorHAL( 1892): poll_close_ecs
D/SensorHAL( 1892): __poll_activate:: + ID_A enabled=0
V/CAM_PhotoModule( 5772): On pause.
V/CAM_PhotoModule( 5772): Close camera device.
V/CAM_PhotoModule( 5772): Closing effects
D/CAM_PhotoModule( 5772): Effects are already closed. Nothing to do
V/Zygote ( 5819): Switching descriptor 31 to /dev/null
V/Zygote ( 5819): Switching descriptor 9 to /dev/null
I/ActivityManager( 1892): Start proc com.cyanogenmod.trebuchet for activity com.cyanogenmod.trebuchet/org.cyanogenmod.trebuchet.TrebuchetLauncher: pid=5819 uid=10018 gids={50018, 1028}
D/ActivityThread( 5819): handleBindApplication:com.cyanogenmod.trebuchet
D/ActivityThread( 5819): setTargetHeapUtilization:0.75
D/ActivityThread( 5819): setTargetHeapMinFree:524288
V/ActivityThread( 5819): com.cyanogenmod.trebuchet white listed for hwui
D/Launcher.LauncherProvider( 5819): 11683562 - initializeMaxScreenId(): 0
V/Launcher( 5819): LauncherAppState inited
E/ActivityThread( 5819): Failed to find provider info for com.android.launcher2.settings
W/Launcher( 5819): setApplicationContext called twice! old=com.android.launcher3.LauncherApplication@41935430 new=com.android.launcher3.LauncherApplication@41935430
D/Launcher.Model( 5819): 11683562 - loadWorkspace()
D/Launcher.Model( 5819): 11683562 - loadedOldDb: false
E/Launcher.Model( 5819): Error loading shortcut ShortcutInfo(title=Apollointent=Intent { act=android.intent.action.MAIN cat=[android.intent.category.LAUNCHER] flg=0x10200000 cmp=com.andrew.apollo/.ui.activities.HomeActivity }id=3 type=0 container=-100 screen=1 cellX=0 cellY=3 spanX=1 spanY=1 dropPos=null) into cell (1-1:0,3) out of screen bounds ( 4x3)
E/Launcher.Model( 5819): Error loading shortcut ShortcutInfo(title=DSP Managerintent=Intent { act=android.intent.action.MAIN cat=[android.intent.category.LAUNCHER] flg=0x10200000 cmp=com.bel.android.dspmanager/.activity.DSPManager }id=5 type=0 container=-100 screen=1 cellX=3 cellY=3 spanX=1 spanY=1 dropPos=null) into cell (1-1:3,3) out of screen bounds ( 4x3)
E/Launcher.Model( 5819): Error loading shortcut ShortcutInfo(title=Galleriaintent=Intent { act=android.intent.action.MAIN cat=[android.intent.category.LAUNCHER] flg=0x10200000 cmp=com.android.gallery3d/.app.Gallery }id=8 type=0 container=-100 screen=2 cellX=0 cellY=3 spanX=1 spanY=1 dropPos=null) into cell (2-2:0,3) out of screen bounds ( 4x3)
I/Choreographer( 5819): Skipped 44 frames! The application may be doing too much work on its main thread.
E/Launcher.Model( 5819): Error loading shortcut ShortcutInfo(title=Impostazioniintent=Intent { act=android.intent.action.MAIN cat=[android.intent.category.LAUNCHER] flg=0x10200000 cmp=com.android.settings/.Settings }id=10 type=0 container=-100 screen=2 cellX=3 cellY=3 spanX=1 spanY=1 dropPos=null) into cell (2-2:3,3) out of screen bounds ( 4x3)
E/libhgl ( 5819): Creating OpenGL 2.0 Session
D/OpenGLRenderer( 5819): Enabling debug mode 0
I/Choreographer( 5819): Skipped 37 frames! The application may be doing too much work on its main thread.
D/Launcher.Model( 5819): 11683562 - loadWorkspaceScreensDb()
D/Launcher.Model( 5819): 11683562 - screens:
D/Launcher.Model( 5819): 11683562 - sBgWorkspaceScreens:
W/CAM_UI ( 5772): SurfaceTexture destroyed
I/ActivityManager( 1892): Displayed com.cyanogenmod.trebuchet/org.cyanogenmod.trebuchet.TrebuchetLauncher: +3s399ms
W/InputMethodManagerService( 1892): Got RemoteException sending setActive(false) notification to pid 4875 uid 10018
W/Binder ( 2327): Caught a RuntimeException from the binder stub implementation.
W/Binder ( 2327): java.lang.NullPointerException
W/Binder ( 2327): at android.inputmethodservice.IInputMethodWrapper.setSessionEnabled(IInputMethodWrapper.java:280)
W/Binder ( 2327): at com.android.internal.view.IInputMethod$Stub.onTransact(IInputMethod.java:129)
W/Binder ( 2327): at android.os.Binder.execTransact(Binder.java:404)
W/Binder ( 2327): at dalvik.system.NativeStart.run(Native Method)
I/Timeline( 1892): Timeline: Activity_windows_visible id: ActivityRecord{41cb2448 u0 com.cyanogenmod.trebuchet/org.cyanogenmod.trebuchet.TrebuchetLauncher t2} time:1653010
D/Launcher( 5819): 11683562 - bindAddScreens()
D/Launcher( 5819): 11683562 - orderedScreenIds:
D/Launcher.Workspace( 5819): 11683562 - addExtraEmptyScreen()
D/Launcher.Workspace( 5819): 11683562 - insertNewWorkspaceScreen(): -201 at index: 0
I/Timeline( 5819): Timeline: Activity_idle id: android.os.BinderProxy@41928fd8 time:1653422
E/AppsCustomizePagedView( 5819): Widget ComponentInfo{com.android.calculator2/com.android.calculator2.CalculatorWidget} can not fit on this device (188, 188)
W/ResourceType( 5819): No package identifier when getting name for resource number 0x00000010
W/View ( 5819): requestLayout() improperly called by com.android.launcher3.PagedViewIcon{419f8ce0 VFED..CL ......ID 0,0-57,69 #10} during layout: running second layout pass
W/ResourceType( 5819): No package identifier when getting name for resource number 0x00000011
W/View ( 5819): requestLayout() improperly called by com.android.launcher3.PagedViewIcon{419f9738 VFED..CL ......ID 57,0-114,69 #11} during layout: running second layout pass
W/ResourceType( 5819): No package identifier when getting name for resource number 0x00000012
W/View ( 5819): requestLayout() improperly called by com.android.launcher3.PagedViewIcon{419fa100 VFED..CL ......ID 114,0-171,69 #12} during layout: running second layout pass
W/ResourceType( 5819): No package identifier when getting name for resource number 0x00000013
W/View ( 5819): requestLayout() improperly called by com.android.launcher3.PagedViewIcon{419faac8 VFED..CL ......ID 171,0-228,69 #13} during layout: running second layout pass
W/ResourceType( 5819): No package identifier when getting name for resource number 0x00000014
W/View ( 5819): requestLayout() improperly called by com.android.launcher3.PagedViewIcon{419fb490 VFED..CL ......ID 0,69-57,138 #14} during layout: running second layout pass
W/ResourceType( 5819): No package identifier when getting name for resource number 0x00000015
W/View ( 5819): requestLayout() improperly called by com.android.launcher3.PagedViewIcon{419fbe58 VFED..CL ......ID 57,69-114,138 #15} during layout: running second layout pass
W/ResourceType( 5819): No package identifier when getting name for resource number 0x00000016
W/View ( 5819): requestLayout() improperly called by com.android.launcher3.PagedViewIcon{419a5c00 VFED..CL ......ID 114,69-171,138 #16} during layout: running second layout pass
W/ResourceType( 5819): No package identifier when getting name for resource number 0x00000017
W/View ( 5819): requestLayout() improperly called by com.android.launcher3.PagedViewIcon{419a6858 VFED..CL ......ID 171,69-228,138 #17} during layout: running second layout pass
W/ResourceType( 5819): No package identifier when getting name for resource number 0x00000018
W/View ( 5819): requestLayout() improperly called by com.android.launcher3.PagedViewIcon{419a7220 VFED..CL ......ID 0,138-57,207 #18} during layout: running second layout pass
W/ResourceType( 5819): No package identifier when getting name for resource number 0x00000019
W/View ( 5819): requestLayout() improperly called by com.android.launcher3.PagedViewIcon{41a7ee58 VFED..CL ......ID 57,138-114,207 #19} during layout: running second layout pass
W/ResourceType( 5819): No package identifier when getting name for resource number 0x0000001a
W/View ( 5819): requestLayout() improperly called by com.android.launcher3.PagedViewIcon{41a106d0 VFED..CL ......ID 114,138-171,207 #1a} during layout: running second layout pass
W/ResourceType( 5819): No package identifier when getting name for resource number 0x0000001b
W/View ( 5819): requestLayout() improperly called by com.android.launcher3.PagedViewIcon{4198fc38 VFED..CL ......ID 171,138-228,207 #1b} during layout: running second layout pass
W/ResourceType( 5819): No package identifier when getting name for resource number 0x0000001c
W/View ( 5819): requestLayout() improperly called by com.android.launcher3.PagedViewIcon{41a73b10 VFED..CL ......ID 0,207-57,276 #1c} during layout: running second layout pass
W/View ( 5819): requestLayout() improperly called by com.android.launcher3.PagedViewIcon{41a3d098 VFED..CL ......ID 0,0-57,69 #0} during layout: running second layout pass
W/ResourceType( 5819): No package identifier when getting name for resource number 0x00000001
W/View ( 5819): requestLayout() improperly called by com.android.launcher3.PagedViewIcon{41a3df50 VFED..CL ......ID 57,0-114,69 #1} during layout: running second layout pass
W/ResourceType( 5819): No package identifier when getting name for resource number 0x00000002
W/View ( 5819): requestLayout() improperly called by com.android.launcher3.PagedViewIcon{41a3e918 VFED..CL ......ID 114,0-171,69 #2} during layout: running second layout pass
W/ResourceType( 5819): No package identifier when getting name for resource number 0x00000003
W/View ( 5819): requestLayout() improperly called by com.android.launcher3.PagedViewIcon{41a3f2e0 VFED..CL ......ID 171,0-228,69 #3} during layout: running second layout pass
W/ResourceType( 5819): No package identifier when getting name for resource number 0x00000004
W/View ( 5819): requestLayout() improperly called by com.android.launcher3.PagedViewIcon{41a3fca8 VFED..CL ......ID 0,69-57,138 #4} during layout: running second layout pass
W/ResourceType( 5819): No package identifier when getting name for resource number 0x00000005
W/View ( 5819): requestLayout() improperly called by com.android.launcher3.PagedViewIcon{41a40670 VFED..CL ......ID 57,69-114,138 #5} during layout: running second layout pass
W/ResourceType( 5819): No package identifier when getting name for resource number 0x00000006
W/View ( 5819): requestLayout() improperly called by com.android.launcher3.PagedViewIcon{41a41038 VFED..CL ......ID 114,69-171,138 #6} during layout: running second layout pass
W/ResourceType( 5819): No package identifier when getting name for resource number 0x00000007
W/View ( 5819): requestLayout() improperly called by com.android.launcher3.PagedViewIcon{41a41a00 VFED..CL ......ID 171,69-228,138 #7} during layout: running second layout pass
W/ResourceType( 5819): No package identifier when getting name for resource number 0x00000008
W/View ( 5819): requestLayout() improperly called by com.android.launcher3.PagedViewIcon{41a423c8 VFED..CL ......ID 0,138-57,207 #8} during layout: running second layout pass
W/ResourceType( 5819): No package identifier when getting name for resource number 0x00000009
W/View ( 5819): requestLayout() improperly called by com.android.launcher3.PagedViewIcon{41a42d90 VFED..CL ......ID 57,138-114,207 #9} during layout: running second layout pass
W/ResourceType( 5819): No package identifier when getting name for resource number 0x0000000a
W/View ( 5819): requestLayout() improperly called by com.android.launcher3.PagedViewIcon{419e2ca8 VFED..CL ......ID 114,138-171,207 #a} during layout: running second layout pass
W/ResourceType( 5819): No package identifier when getting name for resource number 0x0000000b
W/View ( 5819): requestLayout() improperly called by com.android.launcher3.PagedViewIcon{419e3670 VFED..CL ......ID 171,138-228,207 #b} during layout: running second layout pass
W/ResourceType( 5819): No package identifier when getting name for resource number 0x0000000c
W/View ( 5819): requestLayout() improperly called by com.android.launcher3.PagedViewIcon{419e4038 VFED..CL ......ID 0,207-57,276 #c} during layout: running second layout pass
W/ResourceType( 5819): No package identifier when getting name for resource number 0x0000000d
W/View ( 5819): requestLayout() improperly called by com.android.launcher3.PagedViewIcon{419e4b38 VFED..CL ......ID 57,207-114,276 #d} during layout: running second layout pass
W/ResourceType( 5819): No package identifier when getting name for resource number 0x0000000e
W/View ( 5819): requestLayout() improperly called by com.android.launcher3.PagedViewIcon{419e5500 VFED..CL ......ID 114,207-171,276 #e} during layout: running second layout pass
W/ResourceType( 5819): No package identifier when getting name for resource number 0x0000000f
W/View ( 5819): requestLayout() improperly called by com.android.launcher3.PagedViewIcon{419e5ec8 VFED..CL ......ID 171,207-228,276 #f} during layout: running second layout pass
I/ActivityManager( 1892): START u0 {act=com.android.systemui.recent.action.TOGGLE_RECENTS flg=0x10800000 cmp=com.android.systemui/.recent.RecentsActivity} from pid 2186
I/Choreographer( 5819): Skipped 119 frames! The application may be doing too much work on its main thread.
W/ActivityManager( 1892): Activity pause timeout for ActivityRecord{41cb2448 u0 com.cyanogenmod.trebuchet/org.cyanogenmod.trebuchet.TrebuchetLauncher t2}
W/ResourceType( 1892): Skipping entry 0x7f05000c in package table 0 because it is not complex!
W/ResourceType( 1892): Skipping entry 0x7f05000d in package table 0 because it is not complex!
I/Timeline( 2186): Timeline: Activity_idle id: android.os.BinderProxy@41e22258 time:1659884
I/ActivityManager( 1892): Displayed com.android.systemui/.recent.RecentsActivity: +746ms
I/Timeline( 1892): Timeline: Activity_windows_visible id: ActivityRecord{41f65130 u0 com.android.systemui/.recent.RecentsActivity t20} time:1659905
I/Timeline( 5744): Timeline: Activity_idle id: android.os.BinderProxy@41926b30 time:1661966
I/Timeline( 1892): Timeline: Activity_windows_visible id: ActivityRecord{41dbbfd0 u0 org.jtb.alogcat/.LogActivity t18} time:1662054